{"id":46,"date":"2013-01-20T23:44:28","date_gmt":"2013-01-20T22:44:28","guid":{"rendered":"http:\/\/wolfsreise.d-l-w.de\/?page_id=46"},"modified":"2018-06-28T08:56:41","modified_gmt":"2018-06-28T06:56:41","slug":"bois-de-moutiers","status":"publish","type":"page","link":"http:\/\/wolfsreise.d-l-w.de\/?page_id=46","title":{"rendered":"Bois de Moutiers"},"content":{"rendered":"<p>Einer der sch\u00f6nsten G\u00e4rten an der K\u00fcste zwischen Dieppe und Fecamp ist sicherlich Bois de Moutiers. Das Herrenhaus und der etwas 12 ha gro\u00dfe Garten wurden ab 1900 unter dem Besitzer Guillaume Mallet errichtet. Der Architekt Edwin Lutyens\u00a0baute ihm das Herrenhaus inspiriert vom Arts and Crafts &#8211; Stil. F\u00fcr die Gestaltung des Gartens gewann Mallet\u00a0Gertrude Jekyll. Die ber\u00fchmte Gartengestalterin plante den Garten und machte Vorschl\u00e4ge zur Bepflanzung.\u00a0Vita Sackville-West wirkte sp\u00e4ter ebenfalls an der Gestaltung des Gartens mit.<\/p>\n<p>Offizielle Webseite: <a title=\"Bois de Moutiers\" href=\"http:\/\/www.boisdesmoutiers.com\/Parc-jardinsNew.php\" target=\"_blank\" rel=\"noopener\">http:\/\/www.boisdesmoutiers.com\/Parc-jardinsNew.php<\/a><\/p>\n<figure id=\"attachment_58\" aria-describedby=\"caption-attachment-58\" style=\"width: 1162px\" class=\"wp-caption alignnone\"><a href=\"http:\/\/wolfsreise.d-l-w.de\/wp-content\/uploads\/2013\/03\/DSC_0052.jpg\"><img loading=\"lazy\" decoding=\"async\" class=\" wp-image-58 \" src=\"http:\/\/wolfsreise.d-l-w.de\/wp-content\/uploads\/2013\/03\/DSC_0052.jpg\" alt=\"\" width=\"1162\" height=\"778\" \/><\/a><figcaption id=\"caption-attachment-58\" class=\"wp-caption-text\">Herrenhaus &#8211; R\u00fcckseite<\/figcaption><\/figure>\n<figure id=\"attachment_55\" aria-describedby=\"caption-attachment-55\" style=\"width: 1162px\" class=\"wp-caption alignnone\"><a href=\"http:\/\/wolfsreise.d-l-w.de\/?attachment_id=55\" rel=\"attachment wp-att-55\"><img loading=\"lazy\" decoding=\"async\" class=\" wp-image-55 \" src=\"http:\/\/wolfsreise.d-l-w.de\/wp-content\/uploads\/2013\/01\/DSC_00881.jpg\" alt=\"DSC_0088\" width=\"1162\" height=\"778\" \/><\/a><figcaption id=\"caption-attachment-55\" class=\"wp-caption-text\">Rhododendrenbl\u00fcte<\/figcaption><\/figure>\n<p><a href=\"http:\/\/wolfsreise.d-l-w.de\/wp-content\/uploads\/2013\/01\/DSC_0094.jpg\"><img loading=\"lazy\" decoding=\"async\" class=\"alignnone wp-image-61\" src=\"http:\/\/wolfsreise.d-l-w.de\/wp-content\/uploads\/2013\/01\/DSC_0094.jpg\" alt=\"DSC_0094\" width=\"778\" height=\"1162\" \/><\/a><\/p>\n<p>&nbsp;<\/p>\n<p>&nbsp;<\/p>\n","protected":false},"excerpt":{"rendered":"<p>Einer der sch\u00f6nsten G\u00e4rten an der K\u00fcste zwischen Dieppe und Fecamp ist sicherlich Bois de Moutiers. Das Herrenhaus und der etwas 12 ha gro\u00dfe Garten wurden ab 1900 unter dem Besitzer Guillaume Mallet errichtet. Der Architekt Edwin Lutyens\u00a0baute ihm das Herrenhaus inspiriert vom Arts and Crafts &#8211; Stil. F\u00fcr die Gestaltung des Gartens gewann Mallet\u00a0Gertrude &hellip; <\/p>\n<p class=\"link-more\"><a href=\"http:\/\/wolfsreise.d-l-w.de\/?page_id=46\" class=\"more-link\"><span class=\"screen-reader-text\">\u201eBois de Moutiers\u201c<\/span> weiterlesen<\/a><\/p>\n","protected":false},"author":1,"featured_media":0,"parent":44,"menu_order":0,"comment_status":"open","ping_status":"open","template":"","meta":{"footnotes":""},"class_list":["post-46","page","type-page","status-publish","hentry"],"_links":{"self":[{"href":"http:\/\/wolfsreise.d-l-w.de\/index.php?rest_route=\/wp\/v2\/pages\/46"}],"collection":[{"href":"http:\/\/wolfsreise.d-l-w.de\/index.php?rest_route=\/wp\/v2\/pages"}],"about":[{"href":"http:\/\/wolfsreise.d-l-w.de\/index.php?rest_route=\/wp\/v2\/types\/page"}],"author":[{"embeddable":true,"href":"http:\/\/wolfsreise.d-l-w.de\/index.php?rest_route=\/wp\/v2\/users\/1"}],"replies":[{"embeddable":true,"href":"http:\/\/wolfsreise.d-l-w.de\/index.php?rest_route=%2Fwp%2Fv2%2Fcomments&post=46"}],"version-history":[{"count":12,"href":"http:\/\/wolfsreise.d-l-w.de\/index.php?rest_route=\/wp\/v2\/pages\/46\/revisions"}],"predecessor-version":[{"id":1022,"href":"http:\/\/wolfsreise.d-l-w.de\/index.php?rest_route=\/wp\/v2\/pages\/46\/revisions\/1022"}],"up":[{"embeddable":true,"href":"http:\/\/wolfsreise.d-l-w.de\/index.php?rest_route=\/wp\/v2\/pages\/44"}],"wp:attachment":[{"href":"http:\/\/wolfsreise.d-l-w.de\/index.php?rest_route=%2Fwp%2Fv2%2Fmedia&parent=46"}],"curies":[{"name":"wp","href":"https:\/\/api.w.org\/{rel}","templated":true}]}}

<p>Einer der schönsten Gärten an der Küste zwischen Dieppe und Fecamp ist sicherlich Bois de Moutiers. Das Herrenhaus und der etwas 12 ha große Garten wurden ab 1900 unter dem Besitzer Guillaume Mallet errichtet. Der Architekt Edwin Lutyens baute ihm das Herrenhaus inspiriert vom Arts and Crafts &#8211; Stil. Für die Gestaltung des Gartens gewann Mallet Gertrude Jekyll. Die berühmte Gartengestalterin plante den Garten und machte Vorschläge zur Bepflanzung. Vita Sackville-West wirkte später ebenfalls an der Gestaltung des Gartens mit.</p>
<p>Offizielle Webseite: <a title="Bois de Moutiers" href="http://www.boisdesmoutiers.com/Parc-jardinsNew.php" target="_blank" rel="noopener">http://www.boisdesmoutiers.com/Parc-jardinsNew.php</a></p>
<figure id="attachment_58" aria-describedby="caption-attachment-58" style="width: 1162px" class="wp-caption alignnone"><a href="http://wolfsreise.d-l-w.de/wp-content/uploads/2013/03/DSC_0052.jpg"><img loading="lazy" decoding="async" class=" wp-image-58 " src="http://wolfsreise.d-l-w.de/wp-content/uploads/2013/03/DSC_0052.jpg" alt="" width="1162" height="778" /></a><figcaption id="caption-attachment-58" class="wp-caption-text">Herrenhaus &#8211; Rückseite</figcaption></figure>
<figure id="attachment_55" aria-describedby="caption-attachment-55" style="width: 1162px" class="wp-caption alignnone"><a href="http://wolfsreise.d-l-w.de/?attachment_id=55" rel="attachment wp-att-55"><img loading="lazy" decoding="async" class=" wp-image-55 " src="http://wolfsreise.d-l-w.de/wp-content/uploads/2013/01/DSC_00881.jpg" alt="DSC_0088" width="1162" height="778" /></a><figcaption id="caption-attachment-55" class="wp-caption-text">Rhododendrenblüte</figcaption></figure>
<p><a href="http://wolfsreise.d-l-w.de/wp-content/uploads/2013/01/DSC_0094.jpg"><img loading="lazy" decoding="async" class="alignnone wp-image-61" src="http://wolfsreise.d-l-w.de/wp-content/uploads/2013/01/DSC_0094.jpg" alt="DSC_0094" width="778" height="1162" /></a></p>
<p>&nbsp;</p>
<p>&nbsp;</p>

<p>Einer der schönsten Gärten an der Küste zwischen Dieppe und Fecamp ist sicherlich Bois de Moutiers. Das Herrenhaus und der etwas 12 ha große Garten wurden ab 1900 unter dem Besitzer Guillaume Mallet errichtet. Der Architekt Edwin Lutyens baute ihm das Herrenhaus inspiriert vom Arts and Crafts &#8211; Stil. Für die Gestaltung des Gartens gewann Mallet Gertrude &hellip; </p>
<p class="link-more"><a href="http://wolfsreise.d-l-w.de/?page_id=46" class="more-link"><span class="screen-reader-text">„Bois de Moutiers“</span> weiterlesen</a></p>
