{"id":2,"date":"2013-01-20T16:27:08","date_gmt":"2013-01-20T16:27:08","guid":{"rendered":"http:\/\/wolfsreise.d-l-w.de\/?page_id=2"},"modified":"2013-01-20T22:03:30","modified_gmt":"2013-01-20T21:03:30","slug":"beispiel-seite","status":"publish","type":"page","link":"http:\/\/wolfsreise.d-l-w.de\/?page_id=2","title":{"rendered":"North-Carolina 2012"},"content":{"rendered":"<p>2012 waren wir in North-Carolina. Die meiste Zeit waren wir in Greensboro. Dank Bill und Peggy haben wir viel \u00fcber das Leben in Greensboro und die Situation an der Hochschule erfahren. Nat\u00fcrlich hat auch die Lehrt\u00e4tigkeit von Angelika geholfen, einen tieferen Einblick in die Hochschule und die Menschen darum herum zu bekommen.<\/p>\n<h2><\/h2>\n","protected":false},"excerpt":{"rendered":"<p>2012 waren wir in North-Carolina. Die meiste Zeit waren wir in Greensboro. Dank Bill und Peggy haben wir viel \u00fcber das Leben in Greensboro und die Situation an der Hochschule erfahren. Nat\u00fcrlich hat auch die Lehrt\u00e4tigkeit von Angelika geholfen, einen tieferen Einblick in die Hochschule und die Menschen darum herum zu bekommen.<\/p>\n","protected":false},"author":1,"featured_media":0,"parent":0,"menu_order":0,"comment_status":"open","ping_status":"open","template":"page-templates\/front-page.php","meta":{"footnotes":""},"class_list":["post-2","page","type-page","status-publish","hentry"],"_links":{"self":[{"href":"http:\/\/wolfsreise.d-l-w.de\/index.php?rest_route=\/wp\/v2\/pages\/2"}],"collection":[{"href":"http:\/\/wolfsreise.d-l-w.de\/index.php?rest_route=\/wp\/v2\/pages"}],"about":[{"href":"http:\/\/wolfsreise.d-l-w.de\/index.php?rest_route=\/wp\/v2\/types\/page"}],"author":[{"embeddable":true,"href":"http:\/\/wolfsreise.d-l-w.de\/index.php?rest_route=\/wp\/v2\/users\/1"}],"replies":[{"embeddable":true,"href":"http:\/\/wolfsreise.d-l-w.de\/index.php?rest_route=%2Fwp%2Fv2%2Fcomments&post=2"}],"version-history":[{"count":14,"href":"http:\/\/wolfsreise.d-l-w.de\/index.php?rest_route=\/wp\/v2\/pages\/2\/revisions"}],"predecessor-version":[{"id":41,"href":"http:\/\/wolfsreise.d-l-w.de\/index.php?rest_route=\/wp\/v2\/pages\/2\/revisions\/41"}],"wp:attachment":[{"href":"http:\/\/wolfsreise.d-l-w.de\/index.php?rest_route=%2Fwp%2Fv2%2Fmedia&parent=2"}],"curies":[{"name":"wp","href":"https:\/\/api.w.org\/{rel}","templated":true}]}}