{"id":1307,"date":"2019-05-28T20:33:26","date_gmt":"2019-05-28T18:33:26","guid":{"rendered":"http:\/\/wolfsreise.d-l-w.de\/?page_id=1307"},"modified":"2019-06-15T20:42:53","modified_gmt":"2019-06-15T18:42:53","slug":"istrien-tourismus-touris-ueberall","status":"publish","type":"page","link":"http:\/\/wolfsreise.d-l-w.de\/?page_id=1307","title":{"rendered":"Istrien &#8211; Tourismus"},"content":{"rendered":"\n<p>Allen voran Deutsche, der Reiseweltmeister Europas hat die Nase vorn <\/p>\n\n\n\n<p>200.000 Einwohner und 10 Millionen Touristen, ein Verh\u00e4ltnis, das nicht dazu beitr\u00e4gt ohne Animation von Caf\u00e9- oder Restaurantbetreibern entspannt durch ein altes St\u00e4dtchen gehen zu k\u00f6nnen, wenn es im Reisef\u00fchrer erw\u00e4hnt ist oder an der romantisch-schroffen K\u00fcste liegt. Wenn es, wie f\u00fcr uns zur Zeit Hunde und Katzen regnet, geht es einem &#8211; vor allem mir &#8211; besonders an die Nerven. Das Landesinnere ist gr\u00fcn, so gr\u00fcn, einsam, nur in den weiten T\u00e4lern landwirtschaftlich genutzt, fast scheint es wie Subsistenzwirtschaft, was aber in der EU nicht sein kann und darf, wenige sehr kleine Orte auf h\u00f6her gelegenen Bergr\u00fccken sind teils pittoresk, teils schon verfallen oder auch modernisiert &#8230; Im Baumarktstil. <\/p>\n\n\n\n<p>Wir finden durch Zufall auf der Suche Mittags den netten kleine Ort Roc, der uns mit einem gleichfalls netten Restaurant begl\u00fcckt, in das wir zwar ohne Na\u00df zu werden gehen k\u00f6nnen, sp\u00e4ter aber zum Bus rennen m\u00fcssen. Wir hoffen auf den \u00fcbern\u00e4chsten Tag &#8211; Donnerstag. Da soll es endlich besser werden. \u201eNoch nie war der Mai hier. So schlecht!\u201c, sagen die Einheimischen. Sollen wir das glauben? Maria und zahlreiche Kirchenbesuche haben auch noch nicht geholfen.<\/p>\n\n\n\n<figure class=\"wp-block-image\"><img loading=\"lazy\" decoding=\"async\" width=\"640\" height=\"480\" src=\"http:\/\/wolfsreise.d-l-w.de\/wp-content\/uploads\/2019\/05\/2381A110-02D1-46B8-8C08-EEED29BA284C.jpeg\" alt=\"\" class=\"wp-image-1312\" srcset=\"http:\/\/wolfsreise.d-l-w.de\/wp-content\/uploads\/2019\/05\/2381A110-02D1-46B8-8C08-EEED29BA284C.jpeg 640w, http:\/\/wolfsreise.d-l-w.de\/wp-content\/uploads\/2019\/05\/2381A110-02D1-46B8-8C08-EEED29BA284C-150x113.jpeg 150w, http:\/\/wolfsreise.d-l-w.de\/wp-content\/uploads\/2019\/05\/2381A110-02D1-46B8-8C08-EEED29BA284C-300x225.jpeg 300w\" sizes=\"(max-width: 640px) 100vw, 640px\" \/><figcaption>Pappeln k\u00f6nnen das Hochwasser verkraften, aber auch Olivenb\u00e4ume m\u00fcssen schwimmen lernen, zu viel Wasser st\u00fcrzt aus den Bergen ins Tal <\/figcaption><\/figure>\n","protected":false},"excerpt":{"rendered":"<p>Allen voran Deutsche, der Reiseweltmeister Europas hat die Nase vorn 200.000 Einwohner und 10 Millionen Touristen, ein Verh\u00e4ltnis, das nicht dazu beitr\u00e4gt ohne Animation von Caf\u00e9- oder Restaurantbetreibern entspannt durch ein altes St\u00e4dtchen gehen zu k\u00f6nnen, wenn es im Reisef\u00fchrer erw\u00e4hnt ist oder an der romantisch-schroffen K\u00fcste liegt. Wenn es, wie f\u00fcr uns zur Zeit &hellip; <\/p>\n<p class=\"link-more\"><a href=\"http:\/\/wolfsreise.d-l-w.de\/?page_id=1307\" class=\"more-link\"><span class=\"screen-reader-text\">\u201eIstrien &#8211; Tourismus\u201c<\/span> weiterlesen<\/a><\/p>\n","protected":false},"author":2,"featured_media":0,"parent":0,"menu_order":0,"comment_status":"closed","ping_status":"closed","template":"","meta":{"footnotes":""},"class_list":["post-1307","page","type-page","status-publish","hentry"],"_links":{"self":[{"href":"http:\/\/wolfsreise.d-l-w.de\/index.php?rest_route=\/wp\/v2\/pages\/1307"}],"collection":[{"href":"http:\/\/wolfsreise.d-l-w.de\/index.php?rest_route=\/wp\/v2\/pages"}],"about":[{"href":"http:\/\/wolfsreise.d-l-w.de\/index.php?rest_route=\/wp\/v2\/types\/page"}],"author":[{"embeddable":true,"href":"http:\/\/wolfsreise.d-l-w.de\/index.php?rest_route=\/wp\/v2\/users\/2"}],"replies":[{"embeddable":true,"href":"http:\/\/wolfsreise.d-l-w.de\/index.php?rest_route=%2Fwp%2Fv2%2Fcomments&post=1307"}],"version-history":[{"count":4,"href":"http:\/\/wolfsreise.d-l-w.de\/index.php?rest_route=\/wp\/v2\/pages\/1307\/revisions"}],"predecessor-version":[{"id":1492,"href":"http:\/\/wolfsreise.d-l-w.de\/index.php?rest_route=\/wp\/v2\/pages\/1307\/revisions\/1492"}],"wp:attachment":[{"href":"http:\/\/wolfsreise.d-l-w.de\/index.php?rest_route=%2Fwp%2Fv2%2Fmedia&parent=1307"}],"curies":[{"name":"wp","href":"https:\/\/api.w.org\/{rel}","templated":true}]}}